*i + 6078 - 930 = 3*q, 1025 = i - 4*q. What are the prime factors of i?
3, 7
Suppose -22*f + 24*f - 1386 = 0. What are the prime factors of f?
3, 7, 11
Suppose -3*p - 9 = -63. Suppose -88 = p*k - 20*k. What are the prime factors of k?
2, 11
Let h = -27 + 33. What are the prime factors of (-1064)/(-6) + h/9?
2, 89
Suppose 0 = -2*z - z. Let c = 2 - z. Suppose -59 = -c*u - 3. List the prime factors of u.
2, 7
Let o = -771 - -1262. What are the prime factors of o?
491
Let t(o) = o**2 + 2*o - 12. Suppose 36 = -6*j + 2*j. What are the prime factors of t(j)?
3, 17
Let f(p) = 9*p**2 - 71*p - 33. List the prime factors of f(24).
3, 383
Let h(x) = -2*x + 8. Let b be h(4). Suppose b*q - 59 = -q - l, -5*q + 2*l = -274. List the prime factors of q.
2, 7
Suppose 0 = 4*i - 2*t + 50, i + 3*t + 26 = -t. Suppose 0*f + 2*f = 5*m + 132, -5*f = 20. What are the prime factors of i/(-2)*(-96)/m?
2, 3
Suppose 226*z = 231*z - 1760. List the prime factors of z.
2, 11
Suppose -11 + 2 = -d. Let o(a) = -93*a + 9 + 48*a + 46*a. What are the prime factors of o(d)?
2, 3
Let h = 2 + 0. Let p = 60 - 55. Suppose -2*s - 105 = -5*i, h*i = p*s - 2 + 65. What are the prime factors of i?
19
Suppose -h + 3*h = 6. Suppose h*p + 2*n - 3*n - 4 = 0, -n - 6 = -4*p. Suppose -p*r + 8 = -r. List the prime factors of r.
2
Let z(o) = 363*o - 77. List the prime factors of z(2).
11, 59
List the prime factors of 281/(104/(-36) - -3).
3, 281
Let r(m) = 90*m**2 + 94*m + 760. List the prime factors of r(-8).
2, 7, 103
Suppose -138 = -j - 2*j + 3*n, -5*j + 3*n + 238 = 0. Suppose 512 - j = 3*t. What are the prime factors of t?
2, 7, 11
Suppose i - 28 = -3*i. Suppose -4*x = 3*k - 5, -2 + i = -k. Suppose -x*t = 4*d - 6 - 32, d + 5*t - 17 = 0. List the prime factors of d.
7
Suppose i = 77 + 334. List the prime factors of i.
3, 137
Let p(r) = -r**2 - 3*r + 10. Let u be p(-5). Suppose u = 5*q - 544 + 209. What are the prime factors of q?
67
Let b be (103/2 + 4)*6/3. Let q = b - 66. List the prime factors of q.
3, 5
Suppose 1526 = 15*o - o. Let j = -53 + o. List the prime factors of j.
2, 7
Suppose -244*h + 242*h = -928. What are the prime factors of h?
2, 29
Suppose 2*m + 2*j - 5064 = 0, -2*j - 5*j = -2*m + 5064. What are the prime factors of m?
2, 3, 211
Let c = -1062 + 1549. What are the prime factors of c?
487
Suppose -2*h + x + 7 = -3, -4*h = -x - 16. What are the prime factors of h/6 - 181/(-2)?
7, 13
Suppose 2*h - 11428 = -2*r, 2*h + 8*r - 11443 = 11*r. List the prime factors of h.
5717
Let y(c) = -c**3 + 8*c**2 + 11*c - 19. Let z be y(8). Suppose 2*d + z = 5*s, 4*s - 58 = -0*d + 3*d. List the prime factors of s.
13
Let q(x) = -1 + 2 + 0*x - 3*x - 7. What are the prime factors of q(-9)?
3, 7
Suppose -292 = -4*d - 4*k, -56 = -d + 5*k + 29. Let s = 42 - 38. What are the prime factors of d - s/(4/3)?
2, 3
Let j(o) = o + 16. Suppose 12 = 2*f + 4. Suppose -h = -19 + f. List the prime factors of j(h).
31
Let a = 3921 - 820. List the prime factors of a.
7, 443
Let i(s) = 61*s - 1. Let l be i(1). Suppose -v = c + 18, 4*v + 0*c + c + l = 0. What are the prime factors of (-9614)/(-133) + 4/v?
2, 3
Suppose -5*l + 8 + 17 = 0. Let m(f) = 3*f + 9*f - 8*f - l + 3*f. List the prime factors of m(6).
37
Suppose 4*a - 5*a = -5*v + 17047, 4*v - 13628 = -4*a. List the prime factors of v.
7, 487
List the prime factors of -5*((-976)/20 + -5 + -3).
2, 71
Suppose -25*l + 24606 + 12169 = 0. List the prime factors of l.
1471
Let d be (-15 - -15)*-2*1/(-2). Suppose 0*m + 11*m - 594 = d. What are the prime factors of m?
2, 3
Let j(o) = 3*o**2 - 4*o + 2. Let p be 2*(-4)/(-2) + 1. Let d be j(p). What are the prime factors of (0 - 2) + 3 + d?
2, 29
Suppose -76*t + 56*t = -13420. What are the prime factors of t?
11, 61
Let n(b) = 2*b**2 - 44*b - 70. What are the prime factors of n(39)?
2, 157
Suppose -2*o - 61 = -5*w - 386, w + 801 = 5*o. List the prime factors of o.
2, 5
Let g be ((-1)/2*113)/(1/12). What are the prime factors of 2/((-12)/g*1)?
113
Suppose 18 + 50 = z. Let n = -4 + z. List the prime factors of n.
2
Let t be (-1 - -1) + -11 + 317. Suppose -38 = -2*r + t. List the prime factors of r.
2, 43
Suppose -3*m = -1 + 4. Let q(t) = -3*t**3 + 2*t**2 + t. Let z be q(m). Suppose -5*o - 50 = -2*i, z*o = -i + 13 - 1. List the prime factors of i.
2, 5
Let n(u) = u**3 + 8*u**2 - 9*u + 3. Let i be n(-9). List the prime factors of (2/i)/(8/840).
2, 5, 7
Let o = 1012 - -332. What are the prime factors of o?
2, 3, 7
Let h = 12 - -179. List the prime factors of h.
191
Suppose -b + 3*z = -37, -2*z - 82 = -4*b + 2*b. Suppose 0*w + b = 3*h - w, -4*w = -5*h + 67. Let k = h - 10. List the prime factors of k.
5
Let h(n) be the third derivative of n**6/120 - n**5/10 + n**4/24 - n**3/3 + 4*n**2. Let d be h(6). List the prime factors of ((-24)/(-2))/(6/d).
2
Let u(v) = v**2 - 4*v - 2. Suppose 0 = 4*a, 2*m - 3*a - 6 = a. Let t be 9/m - (-1 - 3). List the prime factors of u(t).
19
Suppose -o + 5 = 3. Suppose o*c + r = -2*c + 91, -c + 29 = -r. List the prime factors of c.
2, 3
Suppose j - 4*j = 5*x + 5, 5*j - 2*x = 33. Suppose m + 68 = j*m. Suppose -a + 2*q + m = -27, 4*a = 2*q + 188. List the prime factors of a.
2, 3
Suppose v - m = 390, -21*v + 1149 = -18*v + 4*m. What are the prime factors of v?
3, 43
List the prime factors of (-120)/(-600) - 51318/(-10).
2, 1283
Let q be (-486)/(-10) - (-18)/(-30). Suppose -2*p + q = 2*u, 5*u + 2*p = -0*u + 114. What are the prime factors of u?
2, 11
Suppose -5*q + 2*d = 50, -5*q - 26 = -5*d + 24. List the prime factors of 6/q - (-9234)/90.
2, 3, 17
Let r(t) = -t**3 - 27*t**2 + 6*t + 116. List the prime factors of r(-29).
2, 7, 29
Let j = 1 + 3. Suppose 487 = j*y - 185. Suppose -7*o - y = -10*o. List the prime factors of o.
2, 7
Suppose 5*d - 20 = 0, 5*w + 20 = -d + 6*d. Suppose 0 = c - 5 - w. Suppose 2*j - i = 7*j - 128, -c*i - 85 = -4*j. What are the prime factors of j?
5
Let d(a) = -a**2 + 6*a + 28. Let q be d(9). What are the prime factors of q*(-1)/(-4) - (-1438)/8?
2, 3, 5
Let t(f) = -f**3 - 23*f**2 - 21*f + 31. Let l be t(-22). What are the prime factors of 0 - ((-102)/l)/(4/66)?
11, 17
Let x = 14 + -11. Suppose -57 - 3 = -x*t. Let n = t + -6. List the prime factors of n.
2, 7
Let o(v) = -198*v + 154. List the prime factors of o(-11).
2, 11, 53
Suppose -r = -2*s + 1103 - 6, 4*r + 2735 = 5*s. What are the prime factors of s?
19, 29
Suppose 53 = 13*b + 1. Suppose -4*h = 5*v - 1072, -2*v = -3*h - 210 - 205. Suppose b*l - 8*l + v = 0. List the prime factors of l.
53
Let c(g) = 182 - 12*g + 2*g - 150. List the prime factors of c(-8).
2, 7
Let y = 44 - -92. What are the prime factors of (y/(-6))/(6/(-9))?
2, 17
Suppose 464 = -0*p + 4*p. What are the prime factors of (-52)/91 + p/7?
2
Let k(b) = 24*b + 14. Let o be k(15). Suppose 5*d = 5*u + 615, 3*d - 3*u - o = -u. What are the prime factors of d?
2
Let p = 1050 - 221. List the prime factors of p.
829
Suppose 28*b - 33*b = -595. Let m = b - 69. List the prime factors of m.
2, 5
Let c(z) = -2*z - 10. Let q be c(-5). Suppose -4*j - 3*x + 4 = 0, -2*j = -q*x - 2*x - 2. List the prime factors of (-1)/(j*(-1)/19).
19
Suppose 0 = 38*p - 37*p - 4. Let g = 1 + -1. Suppose -211 = -3*l - 2*l + c, g = -p*l + 3*c + 171. What are the prime factors of l?
2, 3, 7
Suppose 6*w - 7*w + 11 = 0. Suppose -3*g - 2*g + 3 = 4*c, 4*c - 3*g = w. What are the prime factors of c + 41 - (-4)/1?
47
Suppose w + w = -2. Let l(a) = 35*a**2 + a - 2. Let m(c) = -34*c**2 - 2*c + 2. Let t(r) = 3*l(r) + 2*m(r). What are the prime factors of t(w)?
2, 3
Let i(p) = 43*p - 102. List the prime factors of i(9).
3, 5, 19
Let b(x) = -x**2 - 28*x + 3. Let l be b(-19). Let a = -4 + l. List the prime factors of a.
2, 5, 17
Suppose 8 = 4*y, -2*y + 16 = -6*m + 3*m. Let n(c) = 5*c**2 - c - 12. What are the prime factors of n(m)?
2, 3
Let g be 10*(0 - 6/(-15)). Let o be (-201)/(-2)*(-8)/(-6). Suppose 2*d + r - 66 = 0, g*d - 4*r - o = -7*r. What are the prime factors of d?
2
Let q = 219 - 399. List the prime factors of -3*12488/q + 2/(-15).
2, 13
Suppose -v - 3*v = 36. Let j be (v/(-6))/((-5)/(-10)). List the prime factors of 2/((-4)/(-156)*j).
2, 13
List the prime factors of (378/45 - 8) + (-14168)/(-5).
2, 13, 109
Suppose -9150 = -10*w + 6370. What are the prime factors of w?
2, 97
Let a = 8 + -4. Suppose 20